culate the highest common factor of w and 136.
8
Let k(p) = -10*p + 6. Let c be k(-6). Suppose 29 = 29*s + 116. Let t be (-10)/((-30)/131) - 1/s. Calculate the highest common divisor of t and c.
22
Let p be 12/(-14) + (-4551)/(-777). What is the highest common divisor of 29 and p?
1
Suppose -2240 = -y + 2*h - 455, 3*h = 5*y - 8925. What is the highest common divisor of 280 and y?
35
Suppose 0 = 4*r + q - 208, 5*q + 50 - 258 = -4*r. What is the highest common divisor of 27534 and r?
26
Let s be 11 + 3 + (0 - 4). Let i = s + 4. Calculate the highest common divisor of 126 and i.
14
Let v = 7962 + -5947. Calculate the greatest common divisor of v and 5.
5
Let k(y) be the third derivative of y**6/12 + y**5/15 - y**4/12 - y**3/6 + 85*y**2 - 1. Let r be k(2). Calculate the highest common factor of 7 and r.
7
Let p(c) = 43*c - 228. Let s be p(48). Calculate the highest common factor of 136 and s.
68
Let d be (-13 - -19)/(-2 + 6 + -2). Suppose -d = -4*x - 3*a - 7, 0 = -3*x - 5*a - 14. Calculate the greatest common divisor of 8 and x.
2
Let y = 280 + -149. Suppose -w - 133 = -d, -3*d + 4*d - y = -w. Calculate the highest common factor of 88 and d.
44
Let g = 87 - 59. Let h(j) = -5*j + 95. Let z be h(19). Suppose 2*v + 14 = 2*y, y - 4*v - 7 + 0 = z. What is the highest common factor of y and g?
7
Suppose 2*x + 8*i - 106 = 0, x - 49*i - 55 = -54*i. Suppose -h = 3*l - 26, 4*h = -3*l - l + 32. Calculate the highest common divisor of x and l.
9
Let m(w) = -w**2 + w. Let g(y) = y**3 - 10*y**2 + 6*y - 28. Let r(n) = g(n) - 2*m(n). Let l be r(8). Calculate the greatest common factor of 1 and l.
1
Suppose -5*l - 13*p = -14*p + 5, 0 = 2*p. Let b be (-166*(-2)/(-4))/l. What is the greatest common divisor of 747 and b?
83
Suppose -3*a + 12 = -42. Let s(h) = h**3 - 19*h**2 + 20*h + 12. Let x be s(a). Calculate the greatest common factor of 120 and x.
24
Let q(a) = 3*a - 45. Let f(i) = -14*i - i**2 + 0*i - 9 - 6. Let d be f(-11). Let s be q(d). Calculate the highest common divisor of 36 and s.
9
Suppose 0 = 8*w + i - 11911 - 4307, 5*w - i = 10146. Calculate the highest common factor of 60 and w.
12
Let a be 3476 - -5 - (-6 - (6 + -5)). Calculate the greatest common divisor of 109 and a.
109
Suppose 47*i + 43925 = i + 297*i. Calculate the highest common divisor of i and 49.
7
Suppose -15 = -3*y, -5*i + 1155 = -y + 2*y. Let j be (-1158)/(-4) + i/(-92). What is the highest common divisor of j and 41?
41
Let u be (-37 - -1)*513/36*-26. What is the highest common factor of 27 and u?
27
Let g = -98 - -99. Suppose 2*z + 2*q = 8, -8 = -4*z + 3*q + g. Suppose 3*d - 3*m = 96, 5*d - z*m = 146 + 20. What is the highest common divisor of d and 280?
35
Let k be ((-72)/27)/(4/(-2196)*6). Calculate the greatest common factor of 183 and k.
61
Suppose 37*z - 25*z = -4560. Let k be (-2 + (z - 2))*2/(-3). What is the highest common divisor of 32 and k?
32
Let k(m) = 3*m**3 - 35*m**2 - 19*m + 463. Let q be k(11). Let d = 10 - 7. Suppose -d*b = -1 - 8. What is the highest common factor of b and q?
3
Suppose -5*n + 31 = -4*p + 4, 2*p + 3*n = -41. Let y(j) = -64*j + 98. Let r be y(p). What is the greatest common factor of r and 30?
30
Let z(u) = -u**2 + 13*u + 192. Let r be z(0). What is the greatest common divisor of 588 and r?
12
Let h be (-38)/(3 + 20/(-5)). What is the greatest common divisor of h and 361?
19
Suppose -4*i + 526 + 134 = 0. Let f(q) = q**2 - 4*q + 7. Let t be f(3). Let o(y) = -3*y + 27. Let k be o(t). What is the highest common divisor of i and k?
15
Let r = -20042 + 20159. What is the highest common factor of r and 441?
9
Suppose -55*r + 50*r + 31549 = -3*b, -3*r + 18936 = -4*b. Calculate the highest common factor of r and 38.
38
Let c be (-24)/32*(183/(-9) - 1). Calculate the greatest common divisor of 34 and c.
2
Suppose -2*a = -2*w - 92, w + 2*w + 106 = -5*a. Let f be 24/w*1855/(-10). Calculate the greatest common divisor of 2 and f.
2
Let f = 186 + -121. Let v be 584 + 1/(-3)*(-15)/5. Calculate the greatest common factor of f and v.
65
Let z(m) be the second derivative of m**5/20 + 3*m**4/2 + 7*m**3/6 + 5*m**2 + m + 110. Let g be z(-6). What is the greatest common divisor of 25 and g?
25
Let v(g) = 4*g - 54. Let b be v(6). Let h be (14/5)/(144/b + 5). What is the greatest common divisor of h and 98?
14
Let u be -7*(-18)/168 - (1659/(-12) + 1). Calculate the highest common divisor of u and 5658.
138
Let f = -14715 + 15215. Calculate the greatest common factor of 5300 and f.
100
Let p(d) = 5*d**2 - 3*d. Let v be p(3). Suppose 2*u = -4*a + 64, 0 = -5*a + 3*u - 4*u + 86. Calculate the greatest common factor of a and v.
18
Let i = 16500 + -16457. What is the highest common factor of 2021 and i?
43
Suppose -25*h - 76*h = -1111. Calculate the greatest common divisor of 3223 and h.
11
Suppose -5*y - 2*g + 3858 = -6800, 0 = 4*y + 5*g - 8506. Calculate the greatest common factor of y and 22.
22
Let a = -2580 + 6864. Calculate the greatest common divisor of a and 54.
18
Let g(w) = 4466*w - 1280. Let b be g(4). What is the greatest common divisor of b and 24?
24
Let n be ((-4)/4*-1)/(((-6)/(-12))/1). Calculate the highest common factor of 437 and n.
1
Let c = -147 - -298. Suppose -2*h + c = -45. Let u(y) = y + 5. Let w be u(9). What is the greatest common divisor of h and w?
14
Suppose -24*a + 30*a = 30. Suppose -a*c = x - 175, x - 3*c - 791 = -4*x. What is the highest common factor of x and 16?
16
Let g(f) = f**2 - 2*f - 5. Let r be g(4). Let k be (272 - 0)*r/4. Let o = -4105 - -4122. Calculate the highest common factor of k and o.
17
Let m = 54976 - 7148. What is the highest common factor of m and 11?
11
Let d be 3/(-9) - (-62)/6. Let i be (25/(-20))/(-3 - (-7981)/2668). Calculate the highest common divisor of d and i.
5
Suppose 0 = 3*a + 3*d + 239 - 587, 3*a = 4*d + 355. Calculate the highest common divisor of 3744 and a.
117
Let q be (-6)/48*4*(-328)/2. Suppose 2*d - 219 + 18 = -w, -4*w - 5*d + 810 = 0. Calculate the highest common factor of w and q.
41
Let d be (3 + -5 - -6) + (-10 - -1). Let q(u) = -21*u - 56. Let l be q(d). What is the greatest common factor of l and 70?
7
Let f(q) = 87*q + 671. Let z be f(-7). Calculate the greatest common divisor of 11718 and z.
62
Suppose -112*j - 2616 = -170*j + 4286. Calculate the greatest common divisor of 3196 and j.
17
Let d(v) = 50*v + 4030. Let z be d(-71). What is the greatest common factor of z and 1140?
60
Let g = 322 - 217. Let q = -15013 - -15103. What is the greatest common divisor of g and q?
15
Let d(p) = 4*p**2 - 9*p - 5. Let u be d(-9). Let x = -88 + u. Calculate the greatest common factor of x and 24.
24
Suppose 44*n = 49*n - 4*y - 45, -5*n + 35 = -2*y. Calculate the greatest common divisor of n and 55.
5
Suppose 0 = 12*t - 4*t. Suppose 4*f - 43 - 1 = t. Calculate the greatest common divisor of 352 and f.
11
Let f = -33 + 37. Let z = 210 - 166. Calculate the highest common divisor of f and z.
4
Suppose d + 1 = -t + 3, -10 = 2*d - 5*t. Suppose -19*j + 5923 + 1259 = d. Calculate the greatest common factor of 42 and j.
42
Suppose -37*w = w - 1824. Suppose -s = 4*q - 22, -4*s - 3*q = s - 110. Let d = s + -16. What is the highest common divisor of d and w?
6
Let f be (-60)/8*184/(-6). Suppose 227*q = f*q - 1722. What is the highest common factor of 164 and q?
82
Let x = -89 + 131. Suppose -2*w = -q + 22, 2*w + 92 = 5*q - x. What is the greatest common divisor of q and 28?
28
Let f(l) = -227*l + 2085. Let g be f(9). What is the highest common divisor of 6594 and g?
42
Suppose 4*d - 10*v - 212 = 0, -28*d + 202 = -24*d - 5*v. Calculate the highest common divisor of d and 48.
48
Let d be (-22)/(-154) + (-606)/(-21). What is the greatest common factor of 638 and d?
29
Suppose -3*h + 4*h = 5*x - 13, -13 = -2*h - 3*x. Suppose -8*j = h*j + 190. Let l = 29 + j. Calculate the highest common factor of 30 and l.
10
Let v be (-42)/(-273) - (1 - (-2841)/(-39)). Let i = 89 - 81. What is the highest common divisor of i and v?
8
Suppose 16 = -4*z, 5*g + 4*z - 6564 - 140 = 0. What is the greatest common factor of 420 and g?
84
Let d be 880/(-15) + 16/(-12). Suppose -34*g = -28*g. Let h be g + 220/6*(-72)/d. What is the greatest common factor of 44 and h?
44
Let l = -251 - -253. Suppose -l*o + 72 = 3*f - 16, -f = 2. Calculate the greate